- -1) - -17?
12
What is the value of -11 + (0 - -5 - -9) + 6 + -13?
-4
Calculate 11 - (-23 - (46 - 48)).
32
Calculate 14 - (58 + -30 - 19) - ((-1 - -4) + -136).
138
Evaluate -157 + (146 - (-74 - -93)).
-30
What is (-4 - -2 - 31) + (212 + 35 - 239)?
-25
-17 - (-24 + (1 - -12 - (-537 + 522)))
-21
What is the value of (-4 - 11) + -4 - (-102 + 100)?
-17
Evaluate 28 - -31 - (-10 - (12 - (-5 - -19))).
67
(-58 + 22 - (-26 + 4)) + 19 + 19
24
What is (-31 - 27) + 15 - -55?
12
Evaluate 4 + (-48 + 46 - (35 + -15)).
-18
(-24 - (-168 + 152)) + -129
-137
Calculate 1 - (6 + (0 - -9) - (155 + -15) - -13).
113
What is -62 + -62 + 36 + 13?
-75
Calculate (78 - 93 - (14 - 2 - 2)) + (-10 - -13).
-22
What is the value of 94 - (-37 + 26 - (-53 - -14))?
66
What is -15 + -17 + (-7 + (61 - -8) - 15)?
15
What is (122 - 215) + 53 + (-2 - 6)?
-48
What is the value of (-40 - 8 - -24) + (5 - -67)?
48
What is the value of 2 - 73 - (5 + -81 + 52)?
-47
Calculate 18 + -11 + (-7 - 0) - (-7 - -8 - -72).
-73
What is the value of 18 + (24 - (32 + 3)) + -6?
1
Calculate 49 + 3 + -1 - ((-2 - -80) + -75) - -3.
51
74 - (60 - (-61 - -85))
38
What is 48 + (-62 - (-82 + 32)) + (2 - 1)?
37
What is the value of (193 - 184) + 12 + -15 + (-2 - 24)?
-20
92 + 33 + -48 + -46
31
-28 + 37 + (-44 - (-12 - -5)) + -5
-33
What is the value of 47 + 0 + (17 - (-11 + 23))?
52
What is the value of 6 + (-21 - -159 - -4)?
148
Calculate 30 + -1 + 2233 + -2283.
-21
What is (2 + 119 - -1) + (83 + -47 - 60)?
98
What is -20 + (21 + -7 - 8) + -29?
-43
What is the value of (11 + 1 - (167 - 114)) + (5 - 19)?
-55
Evaluate (16 - (-49 - -45)) + 48.
68
Evaluate (-6 - -20 - (-19 - -33) - 8) + 73.
65
What is 8 - -4 - (80 - 37)?
-31
Calculate 6 + 0 - (55 + (26 - 41 - -8)).
-42
188 - 137 - (4 + 7 - -6)
34
Evaluate -74 + (-141 - -37 - -126).
-52
What is 7 - (6 - 15 - 7) - (-48 + 35)?
36
Calculate 9 + (48 + (-5 - (24 + -43)) - 9).
62
What is the value of 108 + (-41 - 27) - -48?
88
What is the value of 11 + (3 - 9) + -11 + (-502 - -505)?
-3
What is -5454 + 5444 + (1 - 26)?
-35
-3 + -46 + 6 + -13 + 9 + 4 - -8
-35
What is the value of 2 + -1 - (1526 - 1513)?
-12
Calculate -30 + (-63 - (-53 - 3) - (-4 - 1)).
-32
What is the value of 13 + -25 + (-5 - -2) + (-4 - -47)?
28
What is -39 + 52 + 23 + -42 + (0 - -22)?
16
What is -8 - (12 - (-17 + 18) - 10)?
-9
What is 1 - 72 - (-95 - -21)?
3
What is the value of 3 + 0 - (4 + (35 - 33) + 27)?
-30
Calculate 340 + -326 - (18 - (0 - -2)) - -18.
16
What is 27 - -3 - (-1 - (34 + -3 + -32))?
30
Evaluate -4 - -3 - (-22 + 38 - 18) - 33.
-32
Calculate (57 - ((62 - 69) + 63)) + (-1 + -65 - 0).
-65
What is 268 - 198 - (3 + 11)?
56
20 + -10 + -55 - -25
-20
What is the value of -8 - ((-55 - -40) + 46)?
-39
Calculate -59 + -5 + (-168 - -219).
-13
Evaluate 39 + -28 + (27 - (-5 + 0 + (1 - 1))).
43
Evaluate -8 + (13 - ((-18 - 100) + 36 - (-1 + -9))).
77
Evaluate -93 + (60 - -18) - -27.
12
Calculate -249 + 216 + (17 - 1) + (-2 - (-14 - -1)).
-6
What is the value of -42 - 7 - (-58 - 45)?
54
What is the value of 0 + 2 + (-10 + (-10 - -27) + -2 - 10)?
-3
Evaluate -1 - -4 - (-50 + (-13 - (-27 + 4))).
43
Evaluate (111 - 194) + (14 - (-2 + (-2 - -6))).
-71
What is the value of 43 + -36 + 6 - -28?
41
What is (-1 - 24) + (-179 - -254) + 2 + (-6 - -1)?
47
Evaluate -48 - -45 - (9 - (18 + -10 + -14)).
-18
Calculate (20 - (6 - 1) - 3) + -118 + 117.
11
What is the value of -56 + (82 - -2) + -96?
-68
What is -11 + (21 - 10 - 7) + (2 - -28)?
23
3 - (-2 + -55) - (-39 - (8 + -23) - -25)
59
Evaluate (-6 - -4) + (15 - -1) + -49 + 64.
29
What is 79 + -111 - (13 + (-104 - 11))?
70
Evaluate (0 + 9 - (-202 + 274)) + (11 - 3).
-55
Evaluate (10 - (-28 + 22)) + -5 + (84 - -3).
98
What is the value of (-33 - 2) + (-787 - -822)?
0
What is (1 - -5) + (5 - 5)?
6
What is the value of 8 + (31 - ((22 - 10) + -14 + 9 - 7))?
39
What is (24 - -10) + -35 - -34 - 55?
-22
Calculate 13 - (-22 + -1 - -13 - (-13 - -9 - 42)).
-23
What is the value of 22 + (-31 - (40 - 14)) - -97?
62
40 + 0 + -14 + 27 + -26 - -9
36
What is the value of -38 + (-33 - -22) + 70?
21
Calculate 43 - (32 - 0 - 12).
23
Evaluate 4 + -63 + 45 - (28 + -7).
-35
Evaluate (65 - (-136 - -307)) + 217.
111
51 + (7 - (51 - -16))
-9
Evaluate 58 - (20 + 39 + 4).
-5
Evaluate -18 + -212 + 202 + (6 - (1 - 2)).
-21
What is -22 - (-1 + -10 + (276 - 265) + 9)?
-31
Calculate -134 - -16 - (-51 + 21).
-88
61 + (1 - 75) - 62
-75
-6 - -64 - ((11 - (9 + 5) - -9) + -17)
69
What is (-6 - -25) + 9 + 58 - 15?
71
84 - (181 - (147 + -77))
-27
-6 - ((-37 - (2 + -24)) + -24)
33
Calculate -9 + 1 - (-5 + -35 + 2 - 19) - 10.
39
What is the value of 0 + -21 - -1 - (-137 + -20 + 26)?
111
72 + (70 + -97 - 17)
28
What is (101 - -17 - (-12 + 5) - 20) + 17?
122
What is the value of 56 - (5 - 0) - 6 - (-26 + 20)?
51
33 + -12 + 17 + -52
-14
What is the value of (36 + -26 - 3) + (1 - 42) - -14?
-20
Calculate 584 + -396 - (155 + 0).
33
Evaluate (30 - (12 + (5 - -11))) + (-8 - 3 - 3).
-12
What is the value of -7 + -62 + -773 + 898?
56
What is the value of 36 + 3 + (2 - 30 - -3) - 34?
-20
What is (-29 - -24) + (15 - 2) - 3?
5
What is the value of (-8 + 23 - 13) + (6 - 7 - 4)?
-3
Evaluate -45 + (-20 - (69 + -74)).
-60
Calculate (480 - 504) + (-1 - -10 - 0 - -2).
-13
What is 0 + -4 + ((5 - -8 - 6) + -43 - -7)?
-33
What is the value of 0 + (30 - 55 - -52 - (-2 - -5))?
24
Calculate (-137 + 70 - -109) + -58.
-16
Calculate -61 + -58 - -79 - -115.
75
Calculate 4 + -1 + (-6 - (-14 + (18 - 27) + 28)).
-8
What is -4 - (-113 - (-147 - 52))?
-90
What is the value of 6 - (-92 - -103 - -21)?
-26
What is -10 - (66 + 0 + (-397 - -374)) - -5?
-48
(0 - ((-15 - 38) + 1 + 1)) + (-43 - -54)
62
Evaluate -19 - -30 - (7 + 4) - (92 - -26).
-118
Calculate -1 + (-1 - 4) - (137 + -6 + -124).
-13
Calculate -151 + 49 - -35 - 1.
-68
(-13 - (-7 - 18) - 0) + -14 + 52
50
Calculate (3 + -1 - 51) + (19 - (16 + 16) - -11).
-51
What is the value of (10 + (-49 - 36) - 25) + (-9 - 1)?
-110
44 - (22 + (5 - (-4 - -11)))
24
Evaluate 53 + 6 + -23 + -48.
-12
What is the value of (3 - -2) + (-48 - 9 - -49 - (14 + 1))?
-18
Evaluate (-33 - (110 - 5)) + 237.
99
What is 3 + -22 - (-6 - (4 + 9))?
0
3 + (1 - -10 - -1) + -2 - 5 - 33
-25
Evaluate -11 - ((-5 - 45) + (0 - (10 + 3))).
52
What is the value of (-7 - -25) + (55 - 83) + 44 + 1?
35
(1 - 1) + 2 - (-122 + 166 + 48)
-90
Evaluate -15 - (5 + -29 + (22 - 14)).
1
Evaluate -2 + (13 - (0 + -11 - -34)) - -1.
-11
Evaluate (40 - (6 - 29)) + 20 + -25.
58
(15 - 9) + -6 - 7 - 22
-29
What is the value of 13 - -1 - (3134 - 3141)?
21
Calculate -37 - (3 - 7 - (-5 - (29 + -40))).
-27
Evaluate -8 + (11 - 6) - (-17 + 9 - -3).
2
What is the value of 3 + 24 + -642 + 541?
-74
(34 - 28 - -11) + 13 + (-3 - -1)
28
Evaluate (129 - 131) + (1 - -1) + -2 + 45.
43
What is 27 + (8 - (12 + 9)) - (21 + -3) - 15?
-19
Calculate -44 - (16 - (-40 - -112)).
12
Calculate 247 + (-62 - 201) + -1 + (1 - -43).
27
Evaluate -2 + 10 + (8 - 0 - (-17 + 23)) + 28.
38
What is 0 + -72 + (10743 - 10594)?
77
Evaluate 2 - ((27 - -1) + -30 + (35 - 9) - 12).
-10
Evaluate -2 + -56 - (-1906 - -1868).
-20
What is (-34 - 1 - (32 + -15 - 36)) + -78?
-94
Evaluate -9 + (3 - (0 + 22 + -44)).
16
What is (1 + 44 - -2) + (-25 - -52 - -12) + -36?
50
What is (24 - -5 - 5) + -6 + 0?
18
What is (18 + (10 - 10) - 26) + -26?
-34
(-1 - 37) + (-86 - (30 + -29 + -68))
-57
6 + (3 + -6 - -15 - 8) - -95
105
1 + -16 + (0 - -11 - (-31 - -11 - -21))
-5
What is (38 - (56 - (27 + -20))) + -63?
-74
Evaluate -33 + (3 - (9 - -4 - -6)) - 7.
-56
(-120 - (-9 + 8) - (-11 - 4) - -12) + 16
-76
Calculate 23 + (50 - (90 - 34)).
17
What is -79 + (24 - 4) + (9 - 0 - (-3 + 5))?
-52
-46 + (26 - (3 - 11)) - (2 + -111)
97
Evaluate -1 - (-3 + -3) - ((5 - -32) + 47).
-79
What is the value of 0 - (3 + 16 + 12 + 36)?
-67
What is 17 + -3 + (-6 - 28)?
-20
Evaluate 20 - (62 + 11) - -45.
-8
Calculate 204 + -112 + -111 + -14 + -2 + 0.
-35
What is 12 + (-4 + 40 - (21 + -8 - 16))?
51
(-3 + 1 - -8) + (-80 - -77) + -36
-33
What is the value of (-45 - -55) + 42 + -20?
32
What is (0 - (46 - -53)) + 86?
-13
What is the value of 122 - ((189 - 181) + (-20 - (-4 - 4)))?
126
What is -5 - -11 - (1 - 14) - (-216 + 218)?
17
Evaluate 15 + (3 - -36) + -13.
41
What is the value of (-5 - 3) + (17 - (34 - 78))?
53
Evaluate -70 + 1 - (19 +